8 - 17. Give t(y).
0
Let x(l) be the third derivative of 21*l**6/40 + l**5/30 + l**4/24 - l**3/6 + 737*l**2. Determine x(-1).
-63
Let c = 78 + -71. Suppose 2*x = c*x + 3*j - 20, 2*x - 4*j = 34. Let l(z) = 2*z**2 + x - 23 + 16 - z. Determine l(1).
1
Let h(d) = 6*d**3 + 9*d**2 + d + 1. Let n(a) = a**3 + a**2 + a + 1. Let q(r) = -h(r) + 5*n(r). Let u = -41 + 40. Let x be 8/(2/u) - -1. Calculate q(x).
-17
Let h = 53 - 25. Let s = h + -26. Let k(b) = -703*b**3 + s + 350*b**3 - 6*b + 354*b**3 + 5*b**2. Calculate k(-6).
2
Let j(p) be the second derivative of -p**4/6 - 17*p**3 + 3*p**2 + 2*p + 1378. Give j(-51).
6
Let r(h) = -848*h + 228 + 2553*h - 848*h - 849*h. Give r(-29).
-4
Let w(i) = -i**3 - 9*i**2 - 10*i + 9. Suppose -3*q + 15 = k, -13*q + 18*q - 45 = -3*k. Let b be (-1)/3*(k + (3 - -6)). Determine w(b).
25
Suppose -4*y = 39*f - 43*f - 4, 2*y + 2 = 3*f. Let l(z) = -z**3 + 2*z**2 + 6*z + 15. Give l(f).
7
Let n(o) = -2*o**3 + 3*o**2 - 2*o. Suppose 7*q - 1 = 6*q. Let f be (-2)/(-8)*-1*4. Let k be 2*-1 - (-3 + q/f). Calculate n(k).
-8
Let b be (540/63)/((-13)/70 + 4/10). Let r(o) = o**2 - 42*o + 93. What is r(b)?
13
Let r(u) be the first derivative of 2*u**3/3 + 9*u**2/2 + 23*u - 7836. Determine r(-7).
58
Suppose k + i = -1, -3*i - 12 = -k + 7. Suppose 5 = -2*f - 5*u - k, -3*u - 18 = -3*f. Let q(s) = 3*s - 4. Calculate q(f).
5
Let m(i) be the third derivative of -7*i**5/6 + i**4/12 + i**3/3 + i**2 - 104*i + 7. Give m(-1).
-70
Let l(g) = g**2 + g - 14. Let b be -18 - (-2292)/192 - (-1)/16. Determine l(b).
16
Let j(l) = 10*l**3 + 3*l**2 - 111*l + 149. Let g(v) = 7*v**3 + 2*v**2 - 74*v + 101. Let w(y) = 7*g(y) - 5*j(y). What is w(-7)?
-3
Let d(o) = -54*o**3 - 20*o**2 - 178*o - 66. Let i(b) = 13*b**3 + 5*b**2 + 43*b + 16. Let t(f) = 6*d(f) + 25*i(f). What is t(-3)?
1
Let l(k) = -k**3 + 0*k**3 + 6 - 578*k**2 + 571*k**2. Let a(j) = -j**2 - 4*j - 1. Let u be a(-3). Suppose b = -10*r + 5*r - 32, 38 = -4*b - u*r. Calculate l(b).
6
Suppose -m - 2*x - 37 = 477, -3*m - 1563 = -x. Let q be (-108)/26 - 80/m. Let w(c) = c**3 + 3*c**2 - 4. What is w(q)?
-20
Let l(y) = -2*y**3 - 11*y**2 + 28*y. Suppose 302*a = 280 + 324. Calculate l(a).
-4
Let f(u) = -3*u**2 + 97*u - 102. Let y(n) = -8*n**2 + 290*n - 304. Let t(b) = -14*f(b) + 5*y(b). Calculate t(-47).
2
Let b(n) = 5 - 14*n**3 - 8*n**2 + 10*n - 3*n - 8*n**3 + 23*n**3. Let y be (-133)/(-21) - (-4)/6. Determine b(y).
5
Suppose 15 = -c + 5*a, 5*c - 30 = 9*c - 5*a. Let w(d) = d. Let y(h) = 6*h - 4. Let g(q) = -4*w(q) + y(q). Determine g(c).
-14
Let d(s) be the first derivative of s**4/4 + 4*s**3 - s**2 + 6*s + 6512. What is d(-12)?
30
Let p(l) = l**2 + 607*l + 2375. Let v be p(-4). Let k(q) = q**2 + 36*q - 98. What is k(v)?
-61
Suppose 4*g - 12 = -0. Let i(w) = 18*w**3 + 11*w**2 - 10*w**g + 13 - 9*w**3 - 3*w**2 + 8*w. Let x be 25 + -18 - 6/(-3). Determine i(x).
4
Let c(n) be the third derivative of -n**6/120 + n**5/20 + n**4/12 + n**3/6 + 44*n**2. Let f = 10 + -6. Suppose 2*o = 3*o - f. Calculate c(o).
-7
Let h(c) = 3*c - 5829 - 5820 + c + 11607. What is h(10)?
-2
Let q(h) = h - 3. Let w(u) = u**2 + 11*u + 16. Let f be w(-9). Let l be (f/(-5))/((-19)/(-5130)). Let d = l + -108. What is q(d)?
-3
Let x(a) = 2*a**2 + 3*a + 3. Let m be x(-1). Suppose -m - 4 = -3*t - 3*n, -1 = -3*t - 2*n. Let k(d) = -d**3 - 5*d**2 - 2*d + 1. What is k(t)?
-11
Let o(g) = -g**2 + 3*g. Let x(u) = -u**3 - 25*u**2 - 48*u - 41. Let s be x(-23). Let h be (-40)/s + 14 + 0. Determine o(h).
-18
Let k(a) = -2*a + 2*a**3 + 13 - 16 + 2*a**2 + 1 + 2*a**3. Calculate k(-2).
-22
Let j(r) = -8*r + 48. Suppose 1439 - 644 + 1520 = 463*z. Give j(z).
8
Let p be (-6 + 4)/((-2)/4). Suppose -s + 4*s - 30 = 3*j, 0 = s - p*j - 19. Let b(c) = -c + 1511 + 1516 - 3026. Determine b(s).
-6
Let i(s) = 7*s - 287. Let q be i(40). Let d = -6 - q. Let g(u) = -28*u**3 - 2*u**2 + 1. What is g(d)?
-29
Let l(r) = -2*r - 18. Let z = -416 + 400. Let i be z*(54/12 - 4). Give l(i).
-2
Let q(h) = -24*h + 67. Let u(w) = -49*w + 122. Let v(r) = -5*q(r) + 2*u(r). Calculate v(4).
-3
Suppose v + 2*c + 1 = -6, 0 = -5*c + 3*c. Let j(p) = -2*p**2 - 15*p - 2. What is j(v)?
5
Let g(f) = -7*f**2 - f + 86. Let b(p) = -15*p**2 - p + 217. Let q(o) = 2*b(o) - 5*g(o). Give q(-5).
114
Let c(d) be the third derivative of 0*d - 1/30*d**5 - 1/3*d**3 + 0*d**4 - 67*d**2 + 0. Calculate c(-2).
-10
Let w(i) = i**3 - 13*i**2 + 12*i - 20. Suppose 262*u - 217*u = 540. Calculate w(u).
-20
Let f(y) be the second derivative of y**3 - y**2 + 148*y - 10. Suppose -4 - 1 = -p. Determine f(p).
28
Let l(b) = 13*b**3 - 56*b**2 - 9*b - 155. Let r(p) = 8*p**3 - 37*p**2 - 6*p - 103. Let n(a) = 5*l(a) - 8*r(a). Give n(-16).
1
Let w(d) be the second derivative of d**4/12 - d**3/2 - 5*d**2/2 + 1406*d. Determine w(4).
-1
Let a be 4/8 + (-11)/(-2). Let f(l) = l**3 - 300 - a*l - 4*l - 10*l**2 + 291. Let v(p) = -p**3 - 3*p**2 - 3*p + 2. Let q be v(-3). Give f(q).
2
Suppose 5 = 4*s - 15. Let c(x) be the first derivative of -130 + 10*x - 1/2*x**2. Give c(s).
5
Let w(u) = 2*u + 3. Let o(y) = 16*y + 61. Suppose -4*f + 8 = 0, -7*s - 5*f = -11*s - 26. Let t be o(s). What is w(t)?
-3
Let k(w) = w**3 - 19*w**2 + 33*w + 17. Let h be 22 + 10/((-6 + (-196)/(-35))*5). What is k(h)?
0
Let w be (102/18 - 5) + 32/6. Let c(x) = w*x + 1 - x - 4*x + 2. Give c(-6).
-3
Let t(k) be the first derivative of -1/2*k**4 + 5/6*k**3 + 3 + 1/20*k**5 + 4*k - 2*k**2. Let a(m) be the first derivative of t(m). What is a(5)?
-4
Let g(o) = 701 + 3*o - 1367 - o**3 + 669. Let y = 4 + -1. Determine g(y).
-15
Suppose -4*d = -16, 2*a = -26*d + 25*d + 8. Let q(t) = 4*t - 7. Give q(a).
1
Suppose -17*z + 17 = -18*z + 2*i, 0 = -5*z + 3*i - 64. Let v(d) = d**3 + 10*d**2 - 9*d + 5. Give v(z).
-17
Suppose 0 = 2*s - 4*t + 250 - 222, -2*s - 21 = -5*t. Let v(i) = i**3 + 26*i**2 - 60*i - 108. Give v(s).
4
Suppose 2*w = 2*z - 3 - 1, 3*w = -4*z + 29. Let g(a) = -4*a**3 + 31*a**2 + w*a**3 + a - 6 - 2*a**3 - 27*a**2. Determine g(2).
-12
Let d(b) = 3*b**3 - 8*b**2 + 2*b - 2. Let a be 140/63 + 6/(-27). Let y(f) = f**3 - f**2 + f. Let m(w) = a*y(w) - d(w). Suppose -7 - 47 = -9*p. Give m(p).
2
Let y(g) = -g**3 - 39*g + 29*g**2 + 554 + 13*g**2 - 275 - 359. Determine y(41).
2
Let k(o) = o**3 - 7*o**2 + o - 1. Let x be (84/60)/(6/30). Calculate k(x).
6
Let y(x) = 2*x + 5 - x**2 + 4*x - 4*x + 4*x. Let m(i) = i**3 - 5*i**2 - 2. Let q be m(6). Let s = q + -29. Calculate y(s).
10
Let u(s) = -7*s - 2*s - 22*s + 40*s + 2. Calculate u(-4).
-34
Let q(h) = -74*h + 591. Let p be q(8). Let i(m) = 7*m**3 - 2*m**2 - m + 2. Give i(p).
-6
Let q(s) = 200*s + 225. Let i(g) = 9*g + 10. Let z(b) = -45*i(b) + 2*q(b). Let d(m) = m - 2. Let a be d(4). Suppose 2*r - 2 = a. Give z(r).
-10
Let p(f) = -3*f**3 - 5*f + 2*f**3 - 3 + 0*f**2 + 7*f**2. Let h(u) = 1534*u - 58286. Let r be h(38). Determine p(r).
3
Let u = -2 - -11. Suppose r - 3*q = 15, -q = 2*r - 42 + 40. Let p(k) = 46*k**3 + 3*k**2 + 3*k**2 + 4*k**2 - 44*k**r - 3 - 3*k**3 - 8*k. Determine p(u).
6
Let x(n) = -15943*n**2 - 26*n + 31876*n**2 - 15934*n**2 + 122. Give x(-30).
2
Let p(s) = -60*s + 15. Let m(x) = -5*x + 1. Let q(h) = 25*m(h) - 2*p(h). Let b(t) = 4*t + 6. Let g(v) = -4*b(v) - 3*q(v). Give g(-4).
-5
Let u(b) = -b**3 - 9*b**2 + 2. Let w be u(-9). Suppose -k + 0*p = 3*p - 9, p + 53 = w*k. Suppose -5*m + m - k = 0. Let y(j) = 2*j**2 + 9*j + 2. Determine y(m).
20
Let y(k) = 36*k**3 - 66*k**2 - 11*k - 2. Let r be y(2). Let m(u) be the second derivative of 1/20*u**5 + 1/6*u**4 + 0*u**2 + 1/2*u**3 - 23*u + r. Give m(-3).
-18
Let m = 62 - 54. Let z(k) = 14*k + 5 - 1 - 12 + 7*k**2 - m. Let c(i) = -4*i**2 - 7*i + 8. Let f(g) = -5*c(g) - 3*z(g). Give f(-7).
8
Let x(t) = t**2 + 7. Let l = 56 - 52. Suppose 4*q = 3*q + l, 4*o = -q + 12. Suppose 3*a + 0 - 15 = o*c, 4*a - 20 = c. What is x(c)?
7
Let f(a) be the first derivative of a**3/3 - 3*a - 135. Suppose 4*p + 0 - 11 = -q, 0 = 4*q + 5*p. Let c be q/3*-3 - 2. What is f(c)?
6
Let i(s) = -29*s + 61. Let w be (-45)/270*36/(-3). Give i(w).
3
Let u(v) = v**3 - 12*v**2 + 17*v - 49. Let y be u(11). Suppose 104 - 308 = -y*d. Let r(x) be the third derivative of x**4/24 - 4*x**3/3 + 2*x**2. Give r(d).
4
Let a(g) = -39*g - 71. Let c(i) = 135*i + 219. Let m(j) = 14*a(j) + 4*c(j). Determine m(-21).
8
Let j(f) = -5*f + 46